?
False
Is 95857 prime?
True
Is 8887 composite?
False
Is 17093 a composite number?
False
Is 296122 a prime number?
False
Is 269701 composite?
False
Is 8453 a prime number?
False
Is 257903 a prime number?
True
Is 154009 composite?
True
Is 48215 composite?
True
Is 103 composite?
False
Is 46993 composite?
False
Is 5519 prime?
True
Is 70177 prime?
True
Is 276233 prime?
False
Is 8663 a prime number?
True
Is 36605 a prime number?
False
Is 26449 composite?
False
Is 491951 prime?
True
Is 1420429 prime?
True
Is 82129 composite?
False
Is 2102393 composite?
True
Is 20257 prime?
False
Is 903493 a prime number?
True
Is 1637 a prime number?
True
Is 137829 a prime number?
False
Is 18637 a prime number?
True
Is 46261 composite?
False
Is 1486181 a prime number?
True
Is 58501 prime?
False
Is 6529 a prime number?
True
Is 115289 a prime number?
False
Is 1750277 prime?
False
Is 1261487 a prime number?
True
Is 50633 a prime number?
False
Is 620539 prime?
False
Is 18595 prime?
False
Is 71663 prime?
True
Is 247183 composite?
False
Is 348769 composite?
False
Is 17279 a composite number?
True
Is 950177 composite?
False
Is 2153 composite?
False
Is 3073 composite?
True
Is 4885 composite?
True
Is 2407943 a prime number?
True
Is 20465 a composite number?
True
Is 476891 a composite number?
False
Is 9127 composite?
False
Is 24331 prime?
False
Is 10301 prime?
True
Is 70113 composite?
True
Is 2179 a composite number?
False
Is 37735 composite?
True
Is 50459 composite?
False
Is 3891 prime?
False
Is 705821 composite?
False
Is 12373 a composite number?
False
Is 9809 a prime number?
False
Is 34399 a composite number?
True
Is 48665 prime?
False
Is 7817 composite?
False
Is 2450059 composite?
True
Is 387197 composite?
False
Is 10799 a composite number?
False
Is 900719 composite?
False
Is 4193 composite?
True
Is 1944187 prime?
False
Is 35851 a composite number?
False
Is 20053 composite?
True
Is 56569 prime?
True
Is 1392023 prime?
False
Is 16519 a prime number?
True
Is 39821 a prime number?
True
Is 655409 a composite number?
True
Is 5737 composite?
False
Is 417787 a prime number?
False
Is 270178 a composite number?
True
Is 534721 a composite number?
True
Is 461479 a composite number?
False
Is 5381 prime?
True
Is 335 a composite number?
True
Is 85535 prime?
False
Is 2081 composite?
False
Is 37757 a composite number?
True
Is 277509 composite?
True
Is 69511 a composite number?
True
Is 3043483 a prime number?
True
Is 19121 a prime number?
True
Is 15217 composite?
False
Is 3221 prime?
True
Is 6087 composite?
True
Is 88069 a composite number?
False
Is 6709 a composite number?
False
Is 59227 composite?
True
Is 1753 composite?
False
Is 201445 prime?
False
Is 1649 a prime number?
False
Is 440558 a prime number?
False
Is 23847 a prime number?
False
Is 73999 a composite number?
False
Is 31819 a composite number?
True
Is 85381 prime?
True
Is 1055 a prime number?
False
Is 1361 composite?
False
Is 577 a composite number?
False
Is 21703 a composite number?
True
Is 20849 a prime number?
True
Is 184286 composite?
True
Is 191071 prime?
True
Is 109703 prime?
False
Is 5609 composite?
True
Is 1402301 prime?
True
Is 9257 composite?
False
Is 21269 a composite number?
False
Is 1639 composite?
True
Is 28277 a prime number?
True
Is 849 a composite number?
True
Is 36683 a composite number?
False
Is 2707 composite?
False
Is 12515 a composite number?
True
Is 274 composite?
True
Is 11927 prime?
True
Is 3371 a prime number?
True
Is 317399 a prime number?
True
Is 379 a prime number?
True
Is 18209 prime?
False
Is 2227223 composite?
False
Is 15791 a composite number?
False
Is 6197 prime?
True
Is 1092395 prime?
False
Is 8719 prime?
True
Is 81919 composite?
False
Is 5039 a prime number?
True
Is 16703 prime?
True
Is 1259 composite?
False
Is 3949 a composite number?
True
Is 189127 prime?
True
Is 135251 a prime number?
False
Is 24177 prime?
False
Is 252485 composite?
True
Is 654197 prime?
False
Is 3999803 a composite number?
False
Is 984639 a prime number?
False
Is 90263 a composite number?
False
Is 3697 prime?
True
Is 112117 a prime number?
False
Is 61231 prime?
True
Is 258173 a composite number?
False
Is 5381 a composite number?
False
Is 689 a prime number?
False
Is 34961 a composite number?
False
Is 3247 a composite number?
True
Is 17783 prime?
True
Is 53005 a prime number?
False
Is 144083 prime?
False
Is 1151 prime?
True
Is 16601 a prime number?
False
Is 256402 prime?
False
Is 2371 a composite number?
False
Is 22961 prime?
True
Is 267469 prime?
True
Is 9237 a prime number?
False
Is 37131 prime?
False
Is 110947 prime?
True
Is 294079 a prime number?
False
Is 13997 composite?
False
Is 221469 a composite number?
True
Is 5086 composite?
True
Is 17141 a composite number?
True
Is 63907 a prime number?
True
Is 12661 composite?
True
Is 17657 composite?
False
Is 3959 composite?
True
Is 18285169 a prime number?
False
Is 517 a prime number?
False
Is 13411 a composite number?
False
Is 134153 a composite number?
False
Is 3749 a composite number?
True
Is 1272965 composite?
True
Is 95309 prime?
False
Is 1689703 prime?
True
Is 47473 prime?
False
Is 6626 composite?
True
Is 525287 a prime number?
False
Is 21767 composite?
False
Is 882445 a prime number?
False
Is 27309 prime?
False
Is 543871 prime?
True
Is 14143 a composite number?
False
Is 80943 composite?
True
Is 81727 a composite number?
False
Is 3343 composite?
False
Is 12759 a composite number?
True
Is 250727 a prime number?
True
Is 437597 prime?
False
Is 14341 a prime number?
True
Is 153551 a prime number?
False
Is 242297 a composite number?
True
Is 76667 prime?
True
Is 44839 a composite number?
False
Is 85103 composite?
False
Is 21355 a prime number?
False
Is 4121 a composite number?
True
Is 10559 prime?
True
Is 533503 prime?
False
Is 9413 a prime number?
True
Is 52898 a prime number?
False
Is 991 composite?
False
Is 329549 a composite number?
True
Is 344791 composite?
False
Is 18899 a composite number?
False
Is 1608323 a composite number?
False
Is 381053 a composite number?
True
Is 199853 prime?
True
Is 15311 composite?
True
Is 26987 composite?
False
Is 409 composite?
False
Is 53995 a composite number?
True
Is 165287 a prime number?
True
Is 10533 prime?
False
Is 15193 prime?
True
Is 85297 a composite number?
False
Is 104019 a prime number?
False
Is 7115 composite?
True
Is 65791 composite?
True
Is 295693 a prime number?
True
Is 1753 prime?
True
Is 75503 prime?
True
Is 546263 a composite number?
False
Is 149827 prime?
True
Is 42685 a prime number?
False
Is 19871 prime?
False
Is 14591 prime?
True
Is 45467 composite?
True
Is 1810291 a prime number?
False
Is 342929 prime?
True
Is 374531 composite?
False
Is 3086 a composite number?
True
Is 76991 a prime number?
True
Is 1094 prime?
False
Is 22433 a prime number?
True
Is 86783 a prime number?
True
Is 49103 a prime number?
True
Is 59 prime?
True
Is 1276295 composite?
True
Is 419 a prime number?
True
Is 22489 prime?
False
Is 37243 composite?
False
Is 201 a composite number?
True
Is 2953 a prime number?
True
Is 8213 composite?
True
Is 4780535 composite?
True
Is 574099 prime?
True
Is 47233 composite?
True
Is 481721 a composite number?
False
Is 3143 prime?
False
Is 87487 composite?
True
Is 521 a prime number?
True
Is 81511 a composite number?
True
Is 407567 composite?
False
Is 347467 prime?
False
Is 2449 a composite number?
True
Is 423541 a composite number?
False
Is 127037 a prime number?
True
Is 453211 composite?
True
Is 106087 a prime number?
True
Is 386401 a composite number?
False
Is 153787 a prime number?
False
Is 10117 a prime number?
False
Is 269351 prime?
True
Is 43513 composite?
True
Is 45077 a composite number?
False
Is 47737 a composite number?
False
Is 2533 prime?
False
Is 1088489 a composite number?
False
Is 272647 a prime number?
False
Is 15013 prime?
True
Is 639215 prime?
False
Is 2982917 prime?
False
Is 1310395 a composite number?
True
Is 119345 a composite number?
True
Is 131701 prime?
True
Is 5581 a prime number?
True
Is 133597 composite?
False
Is 56701 composite?
False
Is 863957 a composite number?
True
Is 1071113 prime?
False
Is 6180181 a composite number?
True
Is 263723 composite?
False
Is 714121 composite?
True
Is 19289 a prime number?
True
Is 33619 prime?
True
Is 69679 a composite number?
True
Is 117659 composite?
Fa